5*r. Calculate a(5).
13
Suppose -11 = -5*x - 3*b, -x + 0*b + 5*b = 9. Let c = x - -4. Let w(y) = -2 + 3 + 3*y - c. Determine w(4).
8
Let q(a) = a**3 - 5*a**2 + 6*a - 1. Let f = 2 + 2. Calculate q(f).
7
Suppose 0 = 5*m - c - 25, 3*c + 2*c = -4*m - 9. Let w(t) = 4*t - 3*t**3 + m*t**3 + 4*t**2 + 6 - 3. What is w(-3)?
0
Let s be (-2)/(4/2) - (5 - 11). Let q(w) = -3*w + 7. Calculate q(s).
-8
Let u(h) = h**2 - 4*h - 8. Let f be u(6). Let j(g) be the third derivative of g**5/30 - g**4/4 + g**3/6 + 4*g**2. Calculate j(f).
9
Let g(b) = -b**3 - 2*b**2 - b. Let d = 5 - 6. Let o be g(d). Let x(i) = -i - 2. What is x(o)?
-2
Let g(n) = -n**3 + 13*n**2 - 2*n + 18. Let i be g(13). Let z(w) = w**3 + 7*w**2 - 8*w + 8. What is z(i)?
8
Suppose -3*o + 0 = -2*c - 6, 2*o = 8. Let v(x) = -2 + 0*x**c + x**3 - 2*x**2 + 2. Determine v(2).
0
Let u(p) = -2 - 3*p + 1 - p + 4 + p**2. Suppose -3*y - 2 = 5*h, -3*y = -4*h + 14 + 6. Calculate u(h).
-1
Let g(k) = -28 - 3*k + 29 - 4*k + k**2. Calculate g(8).
9
Let q(n) be the first derivative of -n**7/840 - n**6/180 + n**5/20 + n**4/12 - n**3 + 3. Let j(v) be the third derivative of q(v). Determine j(-4).
10
Let y(h) = -h + 4. Let q be y(9). Let r(m) = m**3 + 6*m**2 + 4*m. What is r(q)?
5
Let p(i) = 2*i - 8. Let g be p(6). Let a(l) = -4*l - 3 + 0 + 9 - 5 + l**2. Calculate a(g).
1
Suppose -2*z + 3 = 4*n - z, -2 = 2*n + 4*z. Suppose -3*h = 2*l - 19, -4*l = 4*h - 15 - 13. Let u(t) = 3 - h + 0 - n - t. What is u(-3)?
0
Let n(f) be the second derivative of f**8/6720 + f**7/360 + f**6/144 + f**5/40 + f**4/12 - 5*f. Let u(h) be the third derivative of n(h). What is u(-6)?
9
Let t be 2/4*(0 + 10). Let q(d) be the second derivative of -1/6*d**3 + 9*d - 3/2*d**2 + 0. Give q(t).
-8
Let x(i) = -i + 9. Let w(z) = z - 10. Let m(c) = -2*w(c) - 3*x(c). Let s be m(7). Suppose s*p - 2*p = 4. Let a(b) = b**3 + 2*b**2 - b. Determine a(p).
2
Let g(j) = 31*j - j**3 - 4 + 7 + 2*j**3 - 39*j - 3*j**2. Calculate g(5).
13
Let m(f) = f**2 - 2*f + 2. Suppose -2*z = -5*h + 21, -2*h - 1 = 3*z + 2. Give m(h).
5
Let n(q) be the second derivative of -q**3/6 - 5*q**2 - q. Calculate n(-7).
-3
Let i be (-7)/(-49) - (-321)/7. Let q(t) = t**2 + 0*t + 6*t + 43 - i. Determine q(-4).
-11
Let q = -7 - 16. Let c = -11 - q. Suppose 0*m - 4*h + 2 = 5*m, -2*m + 4*h + c = 0. Let d(u) = -u**2 + 4*u + 1. Calculate d(m).
5
Let g(u) = u**2 + u. Let w(f) = f**2 + 7*f - 13. Let s be w(-9). Suppose -s*a - 4 - 11 = 0. What is g(a)?
6
Let z(p) = p - 1. Let k be z(4). Let r(v) = -2 + 1 - k*v - 2*v + 7*v. What is r(1)?
1
Let w(h) be the first derivative of -2 - 3*h**2 - 5/3*h**3 - 4*h - 1/4*h**4. Suppose 3*c = -5 - 7. What is w(c)?
4
Let d(o) = -o**3 - 4*o**2 + 2*o + 2. Suppose 0 = -6*z + 2*z - 16. Give d(z).
-6
Let c be (-1 - 4 - -1) + 1. Let d(s) be the first derivative of 1/2*s**2 + 4 + 1/3*s**3 - 4*s. Give d(c).
2
Let m(v) = -1 - 3*v**2 + 4*v**2 - 191*v + 193*v. Suppose 3*f = -3, -2 = -2*b + 3*b - 2*f. Give m(b).
7
Let s(g) = g**2 + g - 1. Let f = 5 - -5. Suppose -2*n + f + 0 = 0. Suppose -n*j = -2*j - 6. What is s(j)?
5
Let g(k) be the third derivative of -k**4/6 + k**3/2 - k**2. Let b = -282 + 285. Calculate g(b).
-9
Let x(t) be the second derivative of -t**5/20 - t**4/3 + t**3/6 + 3*t**2/2 + 19*t + 1. Let s(l) = -l**3 - 2*l**2 + 4*l. Let b be s(-3). Give x(b).
-9
Suppose 2*p + 14 = 4*y, -25 = 5*p - 10. Let c(z) = 3*z**2 + 2*z**y - 6*z**2 + 8. Suppose -4*i + 17 - 7 = 5*u, -10 = -2*i - 5*u. Calculate c(i).
8
Suppose -4 = 4*t - 20. Let l = 8 - t. Let j(z) = z**3 + 5*z**2 + 4*z. Let m(g) = g**3 + g**2 + g. Let q(s) = -j(s) + 2*m(s). What is q(l)?
8
Suppose -2*g + 7*g = 15. Let l(d) = d**2 + 4*d + 3. Let s(w) = w. Let z = 18 - 17. Let q(p) = z*l(p) - 6*s(p). Give q(g).
6
Let n be -10*1 + (-18)/(-6). Let b(d) = d**3 + 8*d**2 + 6*d - 6. Give b(n).
1
Let s(d) = d - 1. Let g(v) = 20*v**2 + 7*v - 4. Let f(k) = g(k) - 5*s(k). Calculate f(-1).
19
Let c = 2 - -3. Suppose c*w = 6*o - 3*o + 26, -4*w + 3*o = -22. Let x(m) = -5 - 1 + 4*m + 0*m - 4*m**2 + 3*m**2. Give x(w).
-6
Let v(z) = -z**2 + 5*z - 6. Let w(x) = x**2 - 8*x + 5. Let f be w(4). Let r = 16 + f. Calculate v(r).
-6
Let n(i) = -i**3 - 5*i**2 + 10*i + 9. Let q = -14 + 8. What is n(q)?
-15
Suppose 0 = -3*u + 18. Let l(j) = -3*j + 9. What is l(u)?
-9
Let o be 1 - (-2)/3*66/(-11). Let z(k) = -2*k**2 - 5*k - 4. Calculate z(o).
-7
Suppose 0 = -2*u + u. Suppose u*g = -g + 2. Let z(c) = -c**2 - 2*c + 1. Determine z(g).
-7
Let h(f) = f**3 - 2. Let x be h(2). Let o(y) = -y**3 + 5*y**2 + 5*y + 8. Calculate o(x).
2
Let l(o) = -7*o**2 - o. Suppose -6*k + 1 = -7*k. What is l(k)?
-6
Suppose 0 = 4*b - 5*z, 2*b - 9 = 5*z + 1. Suppose 0 = -o - 3*h + 3 + 13, -4*o - 4*h + 32 = 0. Let f(a) = -o*a + 2*a - 7 + 0*a. What is f(b)?
3
Let a(l) be the third derivative of l**5/5 + l**4/24 - 2*l**2. Determine a(1).
13
Let g(j) = j + 6. Let z(n) = n + 5. Let w(d) = -4*g(d) + 5*z(d). Determine w(0).
1
Let v(q) = q**3 - 9*q**2 - 9*q - 10. Let a(h) = -9 - 5*h**2 - 8*h + h**3 - 2*h**2 - h**2. Let u(w) = -6*a(w) + 5*v(w). Calculate u(4).
0
Let m(d) = 3*d**3 + 2*d**2 - 1. Let l = 41 - 43. Determine m(l).
-17
Let y(d) = -d**2 - 10*d - 3. Suppose 50 = -5*z - 7*w + 2*w, 0 = 3*w + 15. Give y(z).
22
Let x(a) = -a**2 - 3*a - 1. Suppose -t - y = 3 - 2, -3*t - 5*y + 7 = 0. Determine x(t).
-19
Let q be (-3)/2*30/(-9). Let v(x) be the second derivative of -x**5/20 + 5*x**4/12 + x**3/3 - x**2 - x. Give v(q).
8
Let m(b) be the second derivative of b**4/4 - b**3/3 + b**2/2 + 2*b. Give m(1).
2
Let f(p) be the third derivative of -p**4/8 + 3*p**3/2 - 2*p**2. Let m be 15*(-3 + 5)*(-3)/(-15). Determine f(m).
-9
Let u(b) = b**3 - 4*b**2 + 2*b + 2. Suppose -6*x + 84 = -2*x. Suppose 3*o + 5*d = 24, 2*d - x = -3*o - 2*d. Calculate u(o).
-1
Let j be (-18)/(-14) - (-8)/(-28). Let t(z) = -8*z - 3 + 1 + 4 - j. What is t(1)?
-7
Let d be (1 + 0)/1*5. Suppose z - 27 = -d*m - 11, -20 = -m + 4*z. Let n(s) = 2*s + 3 - m*s + 3*s. Calculate n(0).
3
Let f(h) = -2*h + 4. Suppose 4*w + 5*x = -0*x + 41, 29 = w + 5*x. Suppose 5*s + 5*a - a - w = 0, 0 = -4*s - a + 12. Determine f(s).
-4
Let x(i) = i**3 + 9*i**2 - 10*i + 2. Let u be x(-10). Let n = 2 - u. Let h(s) = -s**3 - s**2 - s - 2. Calculate h(n).
-2
Let m(i) be the second derivative of -i**5/10 - i**4/4 - i**3/3 - i**2 + 6*i. What is m(-2)?
6
Suppose 4*b - 4 = p + 1, -3*b - 4*p = 1. Let l(j) = -16*j**3 - j**2 + 2*j - 1. Determine l(b).
-16
Suppose -8*m + 7*m + 4*x = 8, -5*x + 10 = 3*m. Let b(d) be the second derivative of 2/3*d**4 + m + 4*d + 0*d**2 + 0*d**3. Calculate b(-1).
8
Let o be (-3)/(-9) - (-16)/(-3). Let p(i) = 5*i - 5. Let c(w) be the third derivative of -w**4/4 + w**3 + 2*w**2. Let a(l) = 4*c(l) + 5*p(l). Calculate a(o).
-6
Let q(d) be the first derivative of 3*d**2 + d - 9. What is q(1)?
7
Let z(f) = -7 + 9*f + f**3 + 1 + 11*f**2 - 6 + 3. What is z(-10)?
1
Let g(p) = 5*p**2 - 10*p - 3. Let d(x) = -x**2 + x + 1. Let z(k) = 4*d(k) + g(k). Calculate z(5).
-4
Let w = -19 + 20. Let l(k) = -3*k + 1. Give l(w).
-2
Let v(k) be the second derivative of k**3/6 + k**2/2 - k. Suppose -5*y - 5*i = -32 + 7, -2*i = 4*y - 18. What is v(y)?
5
Let p(t) = -4*t - t**2 - t**2 + t**2 + 7. Let s = 65 - 31. Suppose -10 = -4*u - s. What is p(u)?
-5
Let b(i) = -7*i. Suppose 2*a + 0*a = -4*c + 34, -4*a + 2*c = -38. Let u(p) = 3*p + 3 + 3 + p**2 - a*p. Let x be u(7). Determine b(x).
7
Let q(k) = k + 3. Let t = 9 - 5. Suppose -t - 4 = 2*h. Determine q(h).
-1
Suppose -5*p + 10*p + 10 = 0. Let d(k) = k**3 + k**2 - k - 1. Give d(p).
-3
Let q be (-28)/(-154) + (-84)/(-22). Let o(p) = -p**3 + 3*p**2 + 0*p + 5*p + p - 2*p + 1. Calculate o(q).
1
Let x(j) be the second derivative of j**5/10 - j**4/12 - j**3/3 + j**2 + 2*j. Let i = -7 - -9. Give x(i).
10
Let y(s) be the first derivative of -s**3/3 - 7*s**2/2 - 3*s - 8. Calculate y(-3).
9
Let j(c) = c**2 + 11*c - 9. Let s be j(-12). Let o(x) = 2*x - 2. Give o(s).
4
Suppose 4*c + 46 = 2*k - 14, c = 5*k - 195. Let q be (-496)/k - (-4)/10. Let w(v) = v**3 + 12*v**2. Let b be w(q). Let d(t) = -t - 8. Determine d(b).
-8
Suppose 0 = 5*j - 6 - 4. Let t(k) = 4 - 7 + 2*k**j + 4 + 2*k - k**2. Give t(-2).
1
Let w(r) = r**2 - r - 3. Suppose -2*c = -4*c + 4*c. What is w(c)?
-3
Let i(j) = j**3 + 5*j**2 + 4*j + 4. Suppose t = 3 - 1. Let h